{"id":95,"date":"2022-05-21T14:19:00","date_gmt":"2022-05-21T13:19:00","guid":{"rendered":"https:\/\/brasserieleversailles.fr\/?page_id=95"},"modified":"2025-05-01T20:10:47","modified_gmt":"2025-05-01T19:10:47","slug":"about","status":"publish","type":"page","link":"https:\/\/brasserieleversailles.fr\/?page_id=95","title":{"rendered":"About"},"content":{"rendered":"<div class=\"wp-block-image\">\n<figure class=\"aligncenter size-full\"><a href=\"https:\/\/brasserieleversailles.fr\/wp-content\/uploads\/2022\/06\/bandeau_boissons_728x90web-1.jpg\"><img fetchpriority=\"high\" decoding=\"async\" width=\"729\" height=\"91\" src=\"https:\/\/brasserieleversailles.fr\/wp-content\/uploads\/2022\/06\/bandeau_boissons_728x90web-1.jpg\" alt=\"\" class=\"wp-image-221\" srcset=\"https:\/\/brasserieleversailles.fr\/wp-content\/uploads\/2022\/06\/bandeau_boissons_728x90web-1.jpg 729w, https:\/\/brasserieleversailles.fr\/wp-content\/uploads\/2022\/06\/bandeau_boissons_728x90web-1-300x37.jpg 300w\" sizes=\"(max-width: 729px) 100vw, 729px\" \/><\/a><\/figure>\n<\/div>\n\n\n<p>CE SITE N\u2019UTILISE PAS DE COOKIES<br>SARL<br>BRASSERIE LE VERSAILLES<br>Num\u00e9ro SIREN<br><br>Num\u00e9ro SIRET (si\u00e8ge)<br><br>Num\u00e9ro TVA Intracommunautaire<br><br>Num\u00e9ro RCS <br>Activit\u00e9 (code APE \/ NAF)<br>5610A \/ Restauration traditionnelle<\/p>\n\n\n\n<p>Adresse<br>11 AV DU PARADIS 65100 LOURDES<br>05 62 35 31 10<br>HERBERGE PAR LWS<br>Ordimag<\/p>\n\n\n\n<p><\/p>\n","protected":false},"excerpt":{"rendered":"<p>CE SITE N\u2019UTILISE PAS DE COOKIESSARLBRASSERIE LE VERSAILLESNum\u00e9ro SIREN Num\u00e9ro SIRET (si\u00e8ge) Num\u00e9ro TVA Intracommunautaire Num\u00e9ro RCS Activit\u00e9 (code APE \/ NAF)5610A \/ Restauration traditionnelle Adresse11 AV DU PARADIS 65100 LOURDES05 62 35 31 10HERBERGE PAR LWSOrdimag<\/p>\n","protected":false},"author":1,"featured_media":0,"parent":0,"menu_order":0,"comment_status":"closed","ping_status":"closed","template":"","meta":{"footnotes":""},"class_list":["post-95","page","type-page","status-publish","hentry"],"yoast_head":"<!-- This site is optimized with the Yoast SEO plugin v27.4 - https:\/\/yoast.com\/product\/yoast-seo-wordpress\/ -->\n<title>About - Caf\u00e9 Brasserie Le Versailles Lourdes<\/title>\n<meta name=\"robots\" content=\"index, follow, max-snippet:-1, max-image-preview:large, max-video-preview:-1\" \/>\n<link rel=\"canonical\" href=\"https:\/\/brasserieleversailles.fr\/?page_id=95\" \/>\n<meta property=\"og:locale\" content=\"fr_FR\" \/>\n<meta property=\"og:type\" content=\"article\" \/>\n<meta property=\"og:title\" content=\"About - Caf\u00e9 Brasserie Le Versailles Lourdes\" \/>\n<meta property=\"og:description\" content=\"CE SITE N\u2019UTILISE PAS DE COOKIESSARLBRASSERIE LE VERSAILLESNum\u00e9ro SIREN Num\u00e9ro SIRET (si\u00e8ge) Num\u00e9ro TVA Intracommunautaire Num\u00e9ro RCS Activit\u00e9 (code APE \/ NAF)5610A \/ Restauration traditionnelle Adresse11 AV DU PARADIS 65100 LOURDES05 62 35 31 10HERBERGE PAR LWSOrdimag\" \/>\n<meta property=\"og:url\" content=\"https:\/\/brasserieleversailles.fr\/?page_id=95\" \/>\n<meta property=\"og:site_name\" content=\"Caf\u00e9 Brasserie Le Versailles Lourdes\" \/>\n<meta property=\"article:modified_time\" content=\"2025-05-01T19:10:47+00:00\" \/>\n<meta property=\"og:image\" content=\"https:\/\/brasserieleversailles.fr\/wp-content\/uploads\/2022\/06\/bandeau_boissons_728x90web-1.jpg\" \/>\n\t<meta property=\"og:image:width\" content=\"729\" \/>\n\t<meta property=\"og:image:height\" content=\"91\" \/>\n\t<meta property=\"og:image:type\" content=\"image\/jpeg\" \/>\n<meta name=\"twitter:label1\" content=\"Dur\u00e9e de lecture estim\u00e9e\" \/>\n\t<meta name=\"twitter:data1\" content=\"1 minute\" \/>\n<script type=\"application\/ld+json\" class=\"yoast-schema-graph\">{\"@context\":\"https:\\\/\\\/schema.org\",\"@graph\":[{\"@type\":\"WebPage\",\"@id\":\"https:\\\/\\\/brasserieleversailles.fr\\\/?page_id=95\",\"url\":\"https:\\\/\\\/brasserieleversailles.fr\\\/?page_id=95\",\"name\":\"About - Caf\u00e9 Brasserie Le Versailles Lourdes\",\"isPartOf\":{\"@id\":\"https:\\\/\\\/brasserieleversailles.fr\\\/#website\"},\"primaryImageOfPage\":{\"@id\":\"https:\\\/\\\/brasserieleversailles.fr\\\/?page_id=95#primaryimage\"},\"image\":{\"@id\":\"https:\\\/\\\/brasserieleversailles.fr\\\/?page_id=95#primaryimage\"},\"thumbnailUrl\":\"https:\\\/\\\/brasserieleversailles.fr\\\/wp-content\\\/uploads\\\/2022\\\/06\\\/bandeau_boissons_728x90web-1.jpg\",\"datePublished\":\"2022-05-21T13:19:00+00:00\",\"dateModified\":\"2025-05-01T19:10:47+00:00\",\"inLanguage\":\"fr-FR\",\"potentialAction\":[{\"@type\":\"ReadAction\",\"target\":[\"https:\\\/\\\/brasserieleversailles.fr\\\/?page_id=95\"]}]},{\"@type\":\"ImageObject\",\"inLanguage\":\"fr-FR\",\"@id\":\"https:\\\/\\\/brasserieleversailles.fr\\\/?page_id=95#primaryimage\",\"url\":\"https:\\\/\\\/brasserieleversailles.fr\\\/wp-content\\\/uploads\\\/2022\\\/06\\\/bandeau_boissons_728x90web-1.jpg\",\"contentUrl\":\"https:\\\/\\\/brasserieleversailles.fr\\\/wp-content\\\/uploads\\\/2022\\\/06\\\/bandeau_boissons_728x90web-1.jpg\",\"width\":729,\"height\":91},{\"@type\":\"WebSite\",\"@id\":\"https:\\\/\\\/brasserieleversailles.fr\\\/#website\",\"url\":\"https:\\\/\\\/brasserieleversailles.fr\\\/\",\"name\":\"Caf\u00e9 Brasserie Le Versailles Lourdes\",\"description\":\"\",\"potentialAction\":[{\"@type\":\"SearchAction\",\"target\":{\"@type\":\"EntryPoint\",\"urlTemplate\":\"https:\\\/\\\/brasserieleversailles.fr\\\/?s={search_term_string}\"},\"query-input\":{\"@type\":\"PropertyValueSpecification\",\"valueRequired\":true,\"valueName\":\"search_term_string\"}}],\"inLanguage\":\"fr-FR\"}]}<\/script>\n<!-- \/ Yoast SEO plugin. -->","yoast_head_json":{"title":"About - Caf\u00e9 Brasserie Le Versailles Lourdes","robots":{"index":"index","follow":"follow","max-snippet":"max-snippet:-1","max-image-preview":"max-image-preview:large","max-video-preview":"max-video-preview:-1"},"canonical":"https:\/\/brasserieleversailles.fr\/?page_id=95","og_locale":"fr_FR","og_type":"article","og_title":"About - Caf\u00e9 Brasserie Le Versailles Lourdes","og_description":"CE SITE N\u2019UTILISE PAS DE COOKIESSARLBRASSERIE LE VERSAILLESNum\u00e9ro SIREN Num\u00e9ro SIRET (si\u00e8ge) Num\u00e9ro TVA Intracommunautaire Num\u00e9ro RCS Activit\u00e9 (code APE \/ NAF)5610A \/ Restauration traditionnelle Adresse11 AV DU PARADIS 65100 LOURDES05 62 35 31 10HERBERGE PAR LWSOrdimag","og_url":"https:\/\/brasserieleversailles.fr\/?page_id=95","og_site_name":"Caf\u00e9 Brasserie Le Versailles Lourdes","article_modified_time":"2025-05-01T19:10:47+00:00","og_image":[{"width":729,"height":91,"url":"https:\/\/brasserieleversailles.fr\/wp-content\/uploads\/2022\/06\/bandeau_boissons_728x90web-1.jpg","type":"image\/jpeg"}],"twitter_misc":{"Dur\u00e9e de lecture estim\u00e9e":"1 minute"},"schema":{"@context":"https:\/\/schema.org","@graph":[{"@type":"WebPage","@id":"https:\/\/brasserieleversailles.fr\/?page_id=95","url":"https:\/\/brasserieleversailles.fr\/?page_id=95","name":"About - Caf\u00e9 Brasserie Le Versailles Lourdes","isPartOf":{"@id":"https:\/\/brasserieleversailles.fr\/#website"},"primaryImageOfPage":{"@id":"https:\/\/brasserieleversailles.fr\/?page_id=95#primaryimage"},"image":{"@id":"https:\/\/brasserieleversailles.fr\/?page_id=95#primaryimage"},"thumbnailUrl":"https:\/\/brasserieleversailles.fr\/wp-content\/uploads\/2022\/06\/bandeau_boissons_728x90web-1.jpg","datePublished":"2022-05-21T13:19:00+00:00","dateModified":"2025-05-01T19:10:47+00:00","inLanguage":"fr-FR","potentialAction":[{"@type":"ReadAction","target":["https:\/\/brasserieleversailles.fr\/?page_id=95"]}]},{"@type":"ImageObject","inLanguage":"fr-FR","@id":"https:\/\/brasserieleversailles.fr\/?page_id=95#primaryimage","url":"https:\/\/brasserieleversailles.fr\/wp-content\/uploads\/2022\/06\/bandeau_boissons_728x90web-1.jpg","contentUrl":"https:\/\/brasserieleversailles.fr\/wp-content\/uploads\/2022\/06\/bandeau_boissons_728x90web-1.jpg","width":729,"height":91},{"@type":"WebSite","@id":"https:\/\/brasserieleversailles.fr\/#website","url":"https:\/\/brasserieleversailles.fr\/","name":"Caf\u00e9 Brasserie Le Versailles Lourdes","description":"","potentialAction":[{"@type":"SearchAction","target":{"@type":"EntryPoint","urlTemplate":"https:\/\/brasserieleversailles.fr\/?s={search_term_string}"},"query-input":{"@type":"PropertyValueSpecification","valueRequired":true,"valueName":"search_term_string"}}],"inLanguage":"fr-FR"}]}},"_links":{"self":[{"href":"https:\/\/brasserieleversailles.fr\/index.php?rest_route=\/wp\/v2\/pages\/95","targetHints":{"allow":["GET"]}}],"collection":[{"href":"https:\/\/brasserieleversailles.fr\/index.php?rest_route=\/wp\/v2\/pages"}],"about":[{"href":"https:\/\/brasserieleversailles.fr\/index.php?rest_route=\/wp\/v2\/types\/page"}],"author":[{"embeddable":true,"href":"https:\/\/brasserieleversailles.fr\/index.php?rest_route=\/wp\/v2\/users\/1"}],"replies":[{"embeddable":true,"href":"https:\/\/brasserieleversailles.fr\/index.php?rest_route=%2Fwp%2Fv2%2Fcomments&post=95"}],"version-history":[{"count":3,"href":"https:\/\/brasserieleversailles.fr\/index.php?rest_route=\/wp\/v2\/pages\/95\/revisions"}],"predecessor-version":[{"id":340,"href":"https:\/\/brasserieleversailles.fr\/index.php?rest_route=\/wp\/v2\/pages\/95\/revisions\/340"}],"wp:attachment":[{"href":"https:\/\/brasserieleversailles.fr\/index.php?rest_route=%2Fwp%2Fv2%2Fmedia&parent=95"}],"curies":[{"name":"wp","href":"https:\/\/api.w.org\/{rel}","templated":true}]}}